0*z**s + 1. Determine m(-1).
0
Let s(p) = -3*p - 11. Let a be s(-7). Let u(b) = b**2 - 12*b + 14. Give u(a).
-6
Suppose 2*t + 32 = 4*s, 4*t - 34 = -4*s + 5*t. Let c(h) = -h**2 + 11*h - 9. Calculate c(s).
9
Let t(w) be the first derivative of w**4/4 - 2*w**3/3 + 2*w + 2. Give t(-2).
-14
Let m(b) = 2*b - 1. Let w(k) = 2*k. Let s(i) = -4*m(i) + 5*w(i). Let g be s(-4). Let x(u) = u**2 + 3*u + 2. Calculate x(g).
6
Let i(n) = 3 + 5*n**3 - 2*n + 2*n**2 - 7*n**3 + 2*n**2 + n**3. Let u(s) = -s**2 - s - 1. Let t be u(0). Let f be 1 + t - -4 - 2. What is i(f)?
7
Suppose -5*h + 4 - 54 = 0. Let s = 9 + h. Let z(x) = 3*x**2. Determine z(s).
3
Let b be 29/9 + 4/(-18). Let o be 6/b - (4 + -2). Suppose -z + o*z = -1. Let l(p) = 6*p**3 + p**2 - p. Give l(z).
6
Let s(j) = j**3 - 3*j**2 + 3*j - 1. Let a be (4/6)/((-2)/(-9)). Suppose -4*h + b + 6 = 0, a*b - 8 = -b. Let l be s(h). Let t(c) = -3*c - 1. Give t(l).
-4
Let n(d) = -d**3 - 2*d**2 - 2*d + 4. Let v be 2/3*(315/(-10))/7. Determine n(v).
19
Let c(n) be the first derivative of n**6/40 - n**5/60 - n**4/24 - n**2 + 3. Let x(o) be the second derivative of c(o). Determine x(-1).
-3
Let v(y) = -y**2 - 4*y + 5. Let w(z) = z**2 - 6*z. Let k be w(5). What is v(k)?
0
Let k(m) = 2*m**2. Let x be k(1). Let z(g) = x*g**2 - 11 + 8 + g**3 - 4*g + 8. Calculate z(-4).
-11
Let n be (-1)/(-2*(-1)/6). Suppose 3*b = -q - 0*b + 16, 3*b - 20 = -5*q. Let x(g) = 3*g**2 + q - 2 - 2 - 2*g - 4*g**2. Give x(n).
-6
Let o(i) = 22 - 16 + i**3 + 8*i + 4*i**2 + 3*i**2 - 2*i. Calculate o(-6).
6
Let g(v) = -2*v + 3*v - 2*v. Let a(h) = 5*h + 1. Let j(x) = 2*a(x) + 9*g(x). What is j(-4)?
-2
Let b(z) = -2*z + 8. Suppose 25 + 35 = 12*t. Calculate b(t).
-2
Let i be 15/20 - (-23)/(-4). Let n(t) = -t**3 - 5*t**2 + 7*t - 1. Let j(g) = 2*g**3 + 10*g**2 - 15*g + 2. Let k(x) = -6*j(x) - 13*n(x). Give k(i).
6
Let s(z) be the first derivative of z**4/4 + 2*z**3 - 3*z**2 + 5*z + 1. Give s(-7).
-2
Let o be (36/15)/(2/5). Suppose 2*k + 4*y = o, -4*y - 13 - 16 = -3*k. Let z(l) = 4*l + 0*l - 3*l + k. What is z(-5)?
2
Let l = -3 - -7. Suppose -z - 6 = -l*z. Let o(m) = -m. Calculate o(z).
-2
Let b(r) = r - 3. Let t(z) = z. Let a be t(-1). Let y be (2 + a)*(-3 - -16). Suppose 2 + y = 3*x. Determine b(x).
2
Let w be (2/(-4))/((-1)/(-10)). Let a(m) = 4*m + 8. Let b(n) = -n. Let o(f) = 6*f + 9. Let p(l) = -3*b(l) - o(l). Let v(d) = -2*a(d) - 3*p(d). Give v(w).
6
Let t(d) = -d**2 - d + 1. Let r(x) = 4*x**2 + 6*x - 5. Let n(o) = -r(o) - 3*t(o). Calculate n(-4).
-2
Let d(v) = 3*v**3 + 3*v + 2. Let j be d(-2). Let f be 26/8 - (-7)/j. Let z(x) = 7*x - 9. Let a(q) = 4*q - 4. Let b(y) = -5*a(y) + 3*z(y). Give b(f).
-4
Let w(f) = f - 2. Let g(i) = i. Let c(k) = -3*g(k) + w(k). Let n = 8 - 6. Suppose q - 6 - 6 = -n*d, 19 = 2*q + 3*d. Give c(q).
-6
Let r(t) = 3*t**2 - 2*t**2 - 5*t**2 + 0*t - t + 5 + t**3. Suppose -5 = -6*b + 19. Calculate r(b).
1
Let y be (6/10)/((-2)/(-10)). Suppose -19*t = -23*t + 24. Suppose 0 = 5*m - y*i + t*i - 37, i = -3*m + 19. Let l(x) = 2*x - 7. What is l(m)?
3
Suppose -4*i - 3*z = -4*z + 7, -i = -4*z + 13. Let b be 1 - (-2 - -3)*i. Let m(l) = -b*l - 1 - 4*l + 2*l. Give m(-1).
3
Let w(m) = -5*m**2 - 11*m + 5. Let k(i) = -i**2 - 1. Let n(c) = 6*k(c) - w(c). Determine n(10).
-1
Let c(t) = -t**3 + 18*t**2 - 18*t + 15. Let k be c(17). Let v(h) = -3*h - 2. Calculate v(k).
4
Let h = 8 + -10. Let y(p) = p - 1. Calculate y(h).
-3
Let p = 8 + -9. Let f be ((-26)/6)/(p/3). Let x(u) = -12*u**3 - 2*u**2 + f*u**3 - 2*u**2 + 6 - 3*u. What is x(4)?
-6
Let n(t) = -3*t**2 - 4*t - 3. Suppose 5*a + 33 = -2*c - 2*c, -4*c = -5*a - 17. What is n(c)?
-7
Let k(z) be the first derivative of z**4/24 + z**3 + 3*z**2/2 - 1. Let w(n) be the second derivative of k(n). Let x = -3 + 3. Determine w(x).
6
Let f(b) = 5*b**2 - 1. Let k be f(-1). Let a(d) = d**2 - 4*d + 6. Let o(v) = -v**2 + 3*v - 7. Let l(u) = k*a(u) + 3*o(u). Calculate l(6).
-3
Let x(t) = -t. Suppose 0 = s - 0*s. Let w = s - -4. Suppose 12 = w*b - 8. Determine x(b).
-5
Suppose -3 + 15 = l + 2*a, -3*l = -3*a. Let x(v) = -v**2 + 3*v - 5. Determine x(l).
-9
Let k(r) = -r**3 - 6*r**2 - 2*r + 2. Let c = 25 - 27. Calculate k(c).
-10
Let s(d) = -d. Suppose a + 2 - 4 = 0. Let m(w) = w + 0*w - a*w - 4*w. Let q(i) = m(i) - 4*s(i). Calculate q(5).
-5
Suppose -2*o - o + 30 = 0. Let t(j) = 10*j + 4*j**2 - o*j - 3*j**2 + 4. Calculate t(3).
13
Let y be 0/2 - 29/(-1). Let w be 2/9 - y/9. Let l(d) = d**2 + 1 + 4*d + d**3 + 0*d**2 + 4*d**2. What is l(w)?
7
Let s(k) = -4*k. Let q(b) = -7*b. Let n(g) = 3*q(g) - 5*s(g). Let z(w) = 3*w + 3. Let i(o) = 2*n(o) + z(o). Determine i(0).
3
Let q(j) = -4*j. Let y = -17 - -9. Let l = 9 + y. Determine q(l).
-4
Suppose -k - 3 = -z, -5*z + 21 - 6 = 4*k. Let p(q) be the second derivative of 1/12*q**4 + 3*q + 0 - 1/20*q**5 + 1/6*q**z - 1/2*q**2. Determine p(1).
0
Let h = 10 - 7. Let k(m) = -2*m**3 + m**2 - 7*m + 4. Let o(s) = 5*s**3 - 2*s**2 + 20*s - 12. Let n(z) = -8*k(z) - 3*o(z). Calculate n(h).
1
Suppose 5*r - 5 = b, 5*r + 0*b - 5 = 4*b. Let o(f) = 3*f. Calculate o(r).
3
Let i = 16 + -8. Let v(n) = -n**3 + 8*n**2 + 2*n - 12. Give v(i).
4
Let q(t) = t**2 - 2 + 2*t + 6 - 3*t + 6*t. Determine q(-5).
4
Let h(c) = -c**2 - 4*c + 5. Let a = -1 + 5. Suppose 5*l - 4*l = d - 8, -5*d - 5 = a*l. Calculate h(l).
0
Let j(x) = x + 4. Let t(i) = -3*i**2 - 3*i - 1. Let u be t(-2). Determine j(u).
-3
Let f = 9 + -6. Let v be (-6 - (-2 + -1))/(-1). Let o(a) = 9*a - 7. Let l(c) = -5*c + 4. Let q(r) = v*o(r) + 5*l(r). Give q(f).
5
Let h(v) be the second derivative of -v**5/20 - v**4/4 + v**3 + v**2/2 - 3*v. What is h(-4)?
-7
Let k(i) = -i + 3. Let a = 4 - 3. Suppose -n + 3 = -a. Suppose n*f + 18 = 7*f. Calculate k(f).
-3
Let k(g) = 3*g. Let t(z) = -8*z. Let j(r) = -17*k(r) - 6*t(r). Give j(-4).
12
Let u(i) = 3*i - 5. Let x be u(4). Suppose 2*h + c = 5*h - x, -h - 1 = -c. Let b(p) = p**2 - 2*p - 4. Determine b(h).
4
Let v(f) be the second derivative of -f**6/360 + f**5/30 + f**4/24 - f**3/6 + 5*f. Let j(t) be the second derivative of v(t). Calculate j(4).
1
Let h be 30/(-9)*(-6)/5. Let y(j) = 6 - h - 3 + 3*j. Calculate y(4).
11
Let r be (-2)/8 - 54/(-24). Let k(l) = -6*l + 1 + 2*l**2 - 3*l**r + 2*l - 2. What is k(-5)?
-6
Let x(j) = j**2 + 2 - 3*j**2 + 0*j - 3 - j. Let z be (-1)/(6/7 + -1). Let d = -9 + z. Calculate x(d).
-7
Let f(l) be the first derivative of 5/3*l**3 + 7*l + 2 - 1/4*l**4 + 0*l**2. Let a(p) = p**3 - 7*p**2 + 8*p - 7. Let u be a(6). What is f(u)?
7
Let y(f) = 6*f**2 - f + 2. Let b(j) = j**2 - j. Let h(c) = 10*b(c) - 2*y(c). Give h(-5).
-14
Let h = 7 + -4. Suppose h*d + 5 = 5*v - 0*v, -3*d = 5*v + 55. Let y be 2/(2*2/d). Let f(s) = s**3 + 4*s**2 - 6*s - 6. Give f(y).
-1
Suppose 17 - 98 = -3*i. Let h = -17 + i. Let j be (-7)/3 + h/(-15). Let w(n) = n**3 + 4*n**2 + 3*n - 4. Calculate w(j).
-4
Let x be 8/20 + 22/(-5). Let y(o) = 2*o + 7*o - 5*o + 5. Calculate y(x).
-11
Let a(m) = -4*m**2 + m + 11*m**2 - 6*m**2 - 2*m. Calculate a(0).
0
Let c(u) be the third derivative of -u**6/360 - u**5/120 + u**4/6 - 3*u**2. Let x(h) be the second derivative of c(h). Let q = 5 + -3. Determine x(q).
-5
Let i(z) = -z**3 + z**2 - 6. Let g = 14 + -14. Give i(g).
-6
Let c(w) = 3*w**3 - w + 1. Let l be c(1). Let h(m) = -2 - m**3 + 4*m**2 + 2*m - m - l*m**2. Let q(u) = -u - 6. Let z be q(-6). What is h(z)?
-2
Let m(q) be the first derivative of -q**7/840 + q**4/12 - 2*q**3/3 - 1. Let h(b) be the third derivative of m(b). Give h(2).
-6
Let m(v) = 14*v**2 + v. Suppose -2*f + 11 = 5*l - 12, 2*f = 3*l - 17. Determine m(f).
13
Let i(r) = -1 + 3*r**2 - 4 + 1 - 4*r + r**3. Let f(a) = -a**3 + 4*a**2 - 2*a - 1. Let m be f(2). Suppose 4*u - m + 19 = 0. Give i(u).
-4
Let b(v) = -v**3 + 3*v**2 + 4*v - 6. Suppose -3*f - 76 = 2*f + 4*o, o + 52 = -4*f. Let q be 38/9 - f/(-54). Calculate b(q).
-6
Let w = -5 - -10. Suppose 5*j - 15 = w*i, 5*j = 2*j - 2*i + 24. Let y(l) = 3*l + l**2 - 3*l**2 - 7 - l - 4*l**2 + l**3. What is y(j)?
5
Let f = 3 + 6. Suppose 4*v + 14 + 4 = -2*n, n - 4*v = f. Let z(c) = -2*c**2 - 4*c - 3. Determine z(n).
-9
Let p(o) = 9*o**3 - 21*o**2 + 10*o + 1. Let m(t) = 5*t**3 - 11*t**2 + 5*t. Let f(j) = 7*m(j) - 4*p(j). Calculate f(6).
2
Let t(i) be the first derivative of -1/2*i**3 + 1 + i**2 - 3*i + 1/12*i**4. Let r(w) be the